 5399. Give y(8).
-1
Let f(h) = -5*h**2 - 52*h - 99. Give f(-9).
-36
Let p(s) = -37*s + 611. What is p(17)?
-18
Let k(s) = s**3 - 4*s**2 - 17*s + 76. Give k(5).
16
Let w(q) = 12*q - 355. Give w(49).
233
Let y(u) = -99*u + 3235. Give y(33).
-32
Let h(o) = -o**3 - 15*o**2 - 5*o + 9. Determine h(-12).
-363
Let c(v) = 3*v**3 - 50*v**2 - 15*v - 42. Give c(17).
-8
Let g(j) = 40*j + 171. Determine g(-7).
-109
Let j(i) = i**2 + 4*i - 4. Calculate j(9).
113
Let f(y) = -558*y - 1692. Determine f(-3).
-18
Let x(z) = z**3 + 12*z**2 - 30*z + 108. Calculate x(-14).
136
Let o(a) = 6*a**3 - 41*a**2 + 8*a - 5. Determine o(7).
100
Let p(x) = -10*x**2 - 496*x - 317. Give p(-49).
-23
Let r(u) = 154*u - 4463. Determine r(29).
3
Let g(d) = -8*d**2 + 256*d - 80. Give g(32).
-80
Let s(k) = 42*k**2 + 164*k - 12. Determine s(-4).
4
Let b(s) = -143*s - 5847. Determine b(-41).
16
Let a(u) = -3*u**2 + 24*u - 45. Determine a(4).
3
Let p(d) = -9*d**2 + 3300*d + 1113. Determine p(367).
12
Let b(m) = 63*m - 322. Calculate b(5).
-7
Let f(q) = -325*q + 7153. Determine f(22).
3
Let h(d) = -2*d**2 - 54*d - 117. Give h(-21).
135
Let y(k) = 33*k**3 - 4*k**2 + 13*k + 52. Determine y(-3).
-914
Let k(i) = 4*i**2 - 2529*i + 10104. Give k(4).
52
Let c(n) = -4*n**2 - 26*n - 16. Give c(-3).
26
Let a(p) = p**3 - 148*p**2 - 378*p + 11690. Calculate a(150).
-10
Let h(n) = 9*n**2 - 34*n - 94. Give h(-5).
301
Let y(h) = -h**3 - 12*h**2 - 11*h + 14. Give y(-8).
-154
Let i(m) = -m**3 + 40*m**2 - 369*m + 484. What is i(27)?
-2
Let q(x) = -22*x**2 - 665*x - 149. Give q(-30).
1
Let s(i) = 3*i**2 + 9*i + 16. Give s(-3).
16
Let c(d) = -1159*d**2 - 16227*d - 16. Give c(-14).
-2
Let o(k) = 152*k + 1694. Determine o(-11).
22
Let m(y) = -2*y**2 - 58*y - 266. What is m(-6)?
10
Let p(b) = -10*b**2 + 63*b + 4. Determine p(5).
69
Let t(j) = -63*j - 3597. What is t(-57)?
-6
Let d(c) = c**3 + 21*c**2 + 28*c - 196. Determine d(-19).
-6
Let c(p) = p**2 - 188*p + 1144. What is c(6)?
52
Let s(k) = k**2 + 65*k + 1017. Calculate s(-36).
-27
Let v(q) = q**2 - 92*q - 1020. Give v(-11).
113
Let v(w) = 7865*w - 47161. Calculate v(6).
29
Let c(i) = -50*i + 5738. What is c(115)?
-12
Let f(h) = -h**3 + 15*h**2 + 17*h - 51. Give f(16).
-35
Let i(t) = -2*t**3 - 173*t**2 - 252*t + 255. Give i(-85).
0
Let h(j) = -2*j**3 + 45*j**2 - 96*j - 61. What is h(20)?
19
Let y(g) = -14*g**2 - 84*g - 15. Determine y(-5).
55
Let b(c) = 11*c**3 - 4*c**2 - 36*c + 37. Calculate b(1).
8
Let l(b) = -b**2 - 1289*b - 86481. What is l(-71)?
-3
Let w(m) = -m**2 - 3*m + 25. Give w(9).
-83
Let y(f) = 41*f - 271. Determine y(7).
16
Let r(d) = 243*d - 5965. What is r(24)?
-133
Let o(g) = 2*g**2 - 126*g - 509. Determine o(66).
-113
Let m(z) = -5037*z - 45329. Give m(-9).
4
Let w(f) = 20*f + 144. Calculate w(3).
204
Let q(y) = y**2 - 49*y + 504. Calculate q(15).
-6
Let d(v) = -2*v**3 - 59*v**2 + 295*v - 104. Give d(4).
4
Let g(d) = 1047*d + 483. What is g(0)?
483
Let z(t) = 3*t**2 - 4040*t + 55965. What is z(14)?
-7
Let j(v) = -v**3 - 3*v**2 + 13*v - 5. What is j(-4)?
-41
Let y(d) = 7*d**2 + 22*d - 5. Calculate y(-2).
-21
Let v(o) = -80*o + 56. Determine v(-1).
136
Let n(o) = 106*o + 1263. Give n(-15).
-327
Let z(f) = -f**2 + 39*f - 388. What is z(10)?
-98
Let b(g) = -24*g**2 - 560*g - 179. Determine b(-23).
5
Let d(m) = 2*m**2 - 818*m - 9246. Determine d(-11).
-6
Let w(y) = -426*y - 6005. What is w(-14)?
-41
Let j(q) = q**2 - 161*q + 3651. Give j(27).
33
Let x(c) = c**3 + 9*c**2 - 19*c - 155. What is x(-6)?
67
Let p(g) = 411*g + 830. What is p(-2)?
8
Let f(c) = 53*c**2 - 574*c - 100. Give f(11).
-1
Let s(l) = -439*l + 29836. What is s(68)?
-16
Let o(z) = -7*z**2 + 183*z - 224. Determine o(28).
-588
Let t(m) = -204*m - 1639. What is t(-8)?
-7
Let q(n) = 29*n**2 + 435*n + 21. Determine q(-15).
21
Let d(c) = c**2 - 47*c - 426. Give d(55).
14
Let r(b) = -b**3 + 3*b**2 + 22. Calculate r(3).
22
Let a(g) = 5*g**2 + 275*g + 93. Give a(-55).
93
Let o(r) = -532*r + 9572. Determine o(18).
-4
Let p(a) = a**2 - 35*a - 29. Calculate p(36).
7
Let y(b) = 4630*b - 13871. What is y(3)?
19
Let u(h) = -19*h + 81. What is u(6)?
-33
Let g(i) = -2*i**3 + 6*i**2 + 40*i - 88. Determine g(2).
0
Let k(s) = 2*s**3 - 44*s**2 - 34*s + 209. Give k(22).
-539
Let y(n) = 4*n**2 - 106*n + 24. Determine y(26).
-28
Let w(r) = -323*r - 608. What is w(-2)?
38
Let g(r) = r**3 - 31*r**2 + 240*r. Determine g(15).
0
Let r(n) = n**3 - 14*n**2 - 127*n + 1777. What is r(15)?
97
Let x(f) = f**3 + 106*f**2 - 123*f - 1677. Give x(-107).
35
Let w(i) = -2*i**3 - 69*i**2 + 33*i - 31. Calculate w(-35).
39
Let a(j) = -84*j**2 + 167*j + 3. Determine a(1).
86
Let x(p) = -11*p**2 - 383*p - 66. Give x(-33).
594
Let t(n) = -12*n**3 - 5*n**2 - 7*n + 11. Calculate t(2).
-119
Let w(b) = -35*b**2 + 774*b - 20. Give w(22).
68
Let r(f) = 70*f**2 - 81*f + 2. Calculate r(1).
-9
Let h(v) = 3*v**2 + 10*v - 94. Determine h(4).
-6
Let v(q) = 17*q + 247. Determine v(-14).
9
Let i(v) = v**3 - 13*v**2 + 23*v - 22. Determine i(9).
-139
Let z(r) = 108*r + 3669. Determine z(-34).
-3
Let t(n) = -n**3 + 15*n**2 - 10*n - 25. Determine t(14).
31
Let s(o) = o**3 - 2*o**2 - 2*o + 134. Determine s(0).
134
Let w(d) = -23*d - 908. Calculate w(-37).
-57
Let y(g) = -5*g**2 - 1175*g - 5746. Determine y(-5).
4
Let l(v) = -61*v + 4842. Determine l(79).
23
Let a(n) = 6*n - 368. What is a(67)?
34
Let j(t) = t**3 + 20*t**2 + 33*t - 15. Calculate j(-18).
39
Let p(t) = 293*t - 1167. What is p(4)?
5
Let r(l) = -190*l + 25. Give r(-1).
215
Let t(u) = -30*u - 7. Give t(2).
-67
Let u(t) = -28*t**3 - t**2 - 104*t + 210. Determine u(2).
-226
Let n(j) = -j**2 - 27*j - 55. Calculate n(-22).
55
Let z(d) = -d**3 - 20*d**2 + 23*d - 62. Give z(-22).
400
Let t(q) = -2074*q + 24892. What is t(12)?
4
Let f(k) = -143*k + 1590. What is f(11)?
17
Let c(u) = -16*u**2 + 59*u - 66. Give c(1).
-23
Let v(h) = 116*h + 910. Determine v(-8).
-18
Let k(b) = -b**3 + 3*b**2 + 33*b - 20. Give k(0).
-20
Let h(n) = 4*n**2 - 123*n - 480. Give h(-4).
76
Let l(g) = g**2 + 83*g + 1208. Calculate l(-19).
-8
Let s(w) = -143*w - 3290. Give s(-24).
142
Let p(s) = -s**2 - 4*s + 25. Determine p(-9).
-20
Let c(w) = 128*w + 4507. What is c(-35)?
27
Let p(o) = -o**2 + 91*o - 1870. Calculate p(59).
18
Let u(w) = 4*w**3 + 41*w**2 + 14*w + 38. Give u(-10).
-2
Let q(f) = 424*f**2 + 13*f - 11. Determine q(1).
426
Let g(n) = 89*n + 3360. What is g(-38)?
-22
Let g(q) = -22*q**2 - 201*q - 210. What is g(-8)?
-10
Let i(y) = 11*y**2 - 26*y - 4. Give i(7).
353
Let f(y) = 2*y**3 + 27*y**2 + 13*y - 12. Determine f(-9).
600
Let j(f) = f**3 - 6*f**2 - 182*f + 6. Calculate j(17).
91
Let a(p) = -26*p + 714. What is a(26)?
38
Let j(i) = -676*i + 891. Give j(1).
215
Let c(l) = -117*l - 1851. What is c(-16)?
21
Let f(n) = n**2 + 53*n + 353. Give f(-45).
-7
Let g(w) = -5*w**3 - 100*w**2 + 2*w + 54. Give g(-20).
14
Let t(m) = -364*m + 4472. Give t(11).
468
Let i(l) = -60*l**2 - 13*l - 15. What is i(-1)?
-62
Let b(q) = -1757*q - 15682. Calculate b(-9).
131
Let r(m) = m**2 - 9*m - 494. Determine r(27).
-8
Let f(y) = -y**3 - 13*y**2 + 12*y - 12. Give f(-13).
-168
Let t(r) = -r**3 + 17*r**2 + r + 47. Calculate t(16).
319
Let y(a) = 14*a**2 + 132*a + 325. Give y(-5).
15
Let i(m) = 8*m**3 + 14*m**2 + 8*m + 12. Give i(-4).
-308
Let z(o) = -o**2 - 85*o - 707. Determine z(-71).
287
Let b(g) = -622*g + 1704. Determine b(3).
-162
Let y(p) = -2197*p - 24186. Determine y(-11).
-19
Let y(w) = -273*w + 1624. Determine y(6).
-14
Let t(q) = -119*q - 483. Calculate t(-4).
-7
Let z(q) = 563*q - 1251. Give z(2).
-125
Let z(h) = -h**3 - 8*h**2 + 5*h. Determine z(-9).
36
Let b(a) = -a**2 - 52*a + 500. Calculate b(7).
87
Let c(s) = -402*s - 9215. What is c(-23)?
31
Let l(n) = 3*n**2 + 186*n - 3756. Give l(-78).
-12
Let p(t) = 718*t + 8615. What is p(-12)?
-1
Let i(b) = b**2 + b - 70. Calculate i(10).
40
Let m(o) = -o**3 - 58*o**2 + 121*o + 78. What is m(-60)?
18
Let b(f) = -597*f - 7727. Determine b(-13).
34
Let r(f) = 40*f - 1066. Calculate r(27).
14
Let x(m) = m**2 - 40*m + 324. What is x(31)?
45
Let u(a) = 3*a**3 - 26*a**2 - 12*a + 13. Determine u(9).
-14
Let w(n) = -58*n + 3086. Give w(53).
12
Let d(h) = -2*h**2 - 111*h + 58837. Give d(146).
-1
Let g(d) = -3*d**2 - 172*d + 2256. Calculate g(-68).
80
Let h(i) = -233*i + 70365. 